{"id":37,"date":"2020-06-15T23:05:53","date_gmt":"2020-06-16T02:05:53","guid":{"rendered":"http:\/\/ensayoselectricossa.com.ar\/?page_id=37"},"modified":"2020-07-06T10:19:51","modified_gmt":"2020-07-06T13:19:51","slug":"servicios","status":"publish","type":"page","link":"https:\/\/ensayoselectricossa.com.ar\/index.php\/servicios\/","title":{"rendered":"Servicios"},"content":{"rendered":"\t\t<div data-elementor-type=\"wp-page\" data-elementor-id=\"37\" class=\"elementor elementor-37\">\n\t\t\t\t\t\t<section class=\"elementor-section elementor-top-section elementor-element elementor-element-a64bdd4 elementor-section-full_width elementor-section-height-default elementor-section-height-default\" data-id=\"a64bdd4\" data-element_type=\"section\" data-e-type=\"section\">\n\t\t\t\t\t\t<div class=\"elementor-container elementor-column-gap-default\">\n\t\t\t\t\t<div class=\"elementor-column elementor-col-50 elementor-top-column elementor-element elementor-element-6d1c252\" data-id=\"6d1c252\" data-element_type=\"column\" data-e-type=\"column\">\n\t\t\t<div class=\"elementor-widget-wrap elementor-element-populated\">\n\t\t\t\t\t\t<div class=\"elementor-element elementor-element-48e74be elementor-widget elementor-widget-text-editor\" data-id=\"48e74be\" data-element_type=\"widget\" data-e-type=\"widget\" data-widget_type=\"text-editor.default\">\n\t\t\t\t<div class=\"elementor-widget-container\">\n\t\t\t\t\t\t\t\t\t<ul><li>Capacitaciones maniobras en subestaciones transformadoras de 132kV y media tensi\u00f3n, Riesgo el\u00e9ctrico, entre otras.<\/li><li>Reparaci\u00f3n de interruptores de AT, MT y BT<\/li><li>Mantenimiento y ensayos de interruptores de AT, MT y BT.<\/li><li>Construcci\u00f3n y montaje de tableros el\u00e9ctricos en general en BT.<\/li><li>Montajes el\u00e9ctricos en instalaciones de MT y AT.<\/li><li>Ensayos funcionales y operativos.<\/li><li>Inyecciones primarias y secundarias de corriente y tensi\u00f3n.<\/li><li>Mediciones, ensayos y puesta en servicio de sistemas de compensaci\u00f3n de energ\u00eda reactiva.<\/li><li>Ensayos in- situ de celdas y equipos de potencia (diel\u00e9ctricos y funcionales operativos).<\/li><li>Ensayos de los sistemas de servicios auxiliares de c.c. (Bater\u00edas y cargadores) y de c.a. (transformadores, ups).<\/li><li>Mediciones y montajes de sistemas de puesta a tierra.<\/li><li>Ensayos de cromatograf\u00eda de gases disueltos y diagn\u00f3stico del estado de los<br \/>transformadores de potencia.<\/li><li>Ensayos preoperacionales del conjunto. Puesta en servicio comercial.<\/li><li>Proyectos e implementaci\u00f3n de sistemas de medici\u00f3n comercial SMEC.<\/li><li>Mantenimiento electromec\u00e1nico de plantas industriales y estaciones transformadoras, plantas generadoras y centros de distribuci\u00f3n.<\/li><li>Mantenimiento de los sistemas de medici\u00f3n comercial (SMEC).<\/li><li>Gesti\u00f3n de mantenimiento por sistema de abono.<\/li><li>Instalaciones industriales.<\/li><li><strong><span style=\"text-decoration: underline;\">Coordinaci\u00f3n, calibraci\u00f3n y ensayos de rel\u00e9s:<\/span><\/strong><br \/>M\u00e1xima corriente.<br \/>M\u00e1xima y m\u00ednima tensi\u00f3n.<br \/>Diferencial de transformadores.<br \/>Protecci\u00f3n de generadores.<br \/>Reconectadores.<br \/>Protecci\u00f3n integral de motores.<br \/>Im\u00e1genes t\u00e9rmicas.<br \/>Protecci\u00f3n de falla interruptor.<\/li><li><strong><span style=\"text-decoration: underline;\">Ensayos en transformadores:<\/span><\/strong><br \/>Resistencia de aislamiento.<br \/>Relaci\u00f3n de transformaci\u00f3n.<br \/>Resistencia de bobinados.<br \/>Resistencias de contactos de CBC.<br \/>Ensayo de vac\u00edo, determinaci\u00f3n de p\u00e9rdidas.<br \/>Grupo de conexi\u00f3n.<br \/>Toma de muestras para an\u00e1lisis de aceite.<\/li><li><strong><span style=\"text-decoration: underline;\">Ensayos en interruptores:<\/span><\/strong><br \/>Tiempo de operaci\u00f3n.<br \/>Resistencia de contactos.<br \/>Ensayos de alta corriente.<\/li><li><strong><span style=\"text-decoration: underline;\">Ensayos en seccionadores:<\/span><\/strong><br \/>Aislamiento.<br \/>Resistencias de contacto.<br \/>Ensayos de alta corriente.<\/li><li>Termograf\u00edas de instalaciones el\u00e9ctricas y mec\u00e1nicas para detecci\u00f3n temprana de fallas.<\/li><li>Ingenier\u00eda para obras el\u00e9ctricas.<\/li><\/ul>\t\t\t\t\t\t\t\t<\/div>\n\t\t\t\t<\/div>\n\t\t\t\t\t<\/div>\n\t\t<\/div>\n\t\t\t\t<div class=\"elementor-column elementor-col-50 elementor-top-column elementor-element elementor-element-d031c83\" data-id=\"d031c83\" data-element_type=\"column\" data-e-type=\"column\">\n\t\t\t<div class=\"elementor-widget-wrap elementor-element-populated\">\n\t\t\t\t\t\t<section class=\"elementor-section elementor-inner-section elementor-element elementor-element-ffa8550 elementor-section-boxed elementor-section-height-default elementor-section-height-default\" data-id=\"ffa8550\" data-element_type=\"section\" data-e-type=\"section\">\n\t\t\t\t\t\t<div class=\"elementor-container elementor-column-gap-default\">\n\t\t\t\t\t<div class=\"elementor-column elementor-col-100 elementor-inner-column elementor-element elementor-element-44c5475\" data-id=\"44c5475\" data-element_type=\"column\" data-e-type=\"column\">\n\t\t\t<div class=\"elementor-widget-wrap elementor-element-populated\">\n\t\t\t\t\t\t<div class=\"elementor-element elementor-element-10547c8 elementor-widget elementor-widget-image\" data-id=\"10547c8\" data-element_type=\"widget\" data-e-type=\"widget\" data-widget_type=\"image.default\">\n\t\t\t\t<div class=\"elementor-widget-container\">\n\t\t\t\t\t\t\t\t\t\t\t\t\t\t\t<img fetchpriority=\"high\" decoding=\"async\" width=\"604\" height=\"453\" src=\"https:\/\/ensayoselectricossa.com.ar\/wp-content\/uploads\/2020\/06\/GAL-3-CASASASL132KVPUESTAENSERVICIOSET.jpg\" class=\"attachment-large size-large wp-image-190\" alt=\"\" srcset=\"https:\/\/ensayoselectricossa.com.ar\/wp-content\/uploads\/2020\/06\/GAL-3-CASASASL132KVPUESTAENSERVICIOSET.jpg 811w, https:\/\/ensayoselectricossa.com.ar\/wp-content\/uploads\/2020\/06\/GAL-3-CASASASL132KVPUESTAENSERVICIOSET-300x225.jpg 300w, https:\/\/ensayoselectricossa.com.ar\/wp-content\/uploads\/2020\/06\/GAL-3-CASASASL132KVPUESTAENSERVICIOSET-768x576.jpg 768w\" sizes=\"(max-width: 604px) 100vw, 604px\" \/>\t\t\t\t\t\t\t\t\t\t\t\t\t\t\t<\/div>\n\t\t\t\t<\/div>\n\t\t\t\t\t<\/div>\n\t\t<\/div>\n\t\t\t\t\t<\/div>\n\t\t<\/section>\n\t\t\t\t<section class=\"elementor-section elementor-inner-section elementor-element elementor-element-1bd7a7a elementor-section-boxed elementor-section-height-default elementor-section-height-default\" data-id=\"1bd7a7a\" data-element_type=\"section\" data-e-type=\"section\">\n\t\t\t\t\t\t<div class=\"elementor-container elementor-column-gap-default\">\n\t\t\t\t\t<div class=\"elementor-column elementor-col-100 elementor-inner-column elementor-element elementor-element-2f77997\" data-id=\"2f77997\" data-element_type=\"column\" data-e-type=\"column\">\n\t\t\t<div class=\"elementor-widget-wrap elementor-element-populated\">\n\t\t\t\t\t\t<div class=\"elementor-element elementor-element-c6142bf elementor-widget elementor-widget-image\" data-id=\"c6142bf\" data-element_type=\"widget\" data-e-type=\"widget\" data-widget_type=\"image.default\">\n\t\t\t\t<div class=\"elementor-widget-container\">\n\t\t\t\t\t\t\t\t\t\t\t\t\t\t\t<img decoding=\"async\" width=\"604\" height=\"717\" src=\"https:\/\/ensayoselectricossa.com.ar\/wp-content\/uploads\/2020\/06\/servicios-2.jpg\" class=\"attachment-large size-large wp-image-48\" alt=\"\" srcset=\"https:\/\/ensayoselectricossa.com.ar\/wp-content\/uploads\/2020\/06\/servicios-2.jpg 618w, https:\/\/ensayoselectricossa.com.ar\/wp-content\/uploads\/2020\/06\/servicios-2-253x300.jpg 253w\" sizes=\"(max-width: 604px) 100vw, 604px\" \/>\t\t\t\t\t\t\t\t\t\t\t\t\t\t\t<\/div>\n\t\t\t\t<\/div>\n\t\t\t\t\t<\/div>\n\t\t<\/div>\n\t\t\t\t\t<\/div>\n\t\t<\/section>\n\t\t\t\t<section class=\"elementor-section elementor-inner-section elementor-element elementor-element-cd99052 elementor-section-boxed elementor-section-height-default elementor-section-height-default\" data-id=\"cd99052\" data-element_type=\"section\" data-e-type=\"section\">\n\t\t\t\t\t\t<div class=\"elementor-container elementor-column-gap-default\">\n\t\t\t\t\t<div class=\"elementor-column elementor-col-100 elementor-inner-column elementor-element elementor-element-0803b65\" data-id=\"0803b65\" data-element_type=\"column\" data-e-type=\"column\">\n\t\t\t<div class=\"elementor-widget-wrap\">\n\t\t\t\t\t\t\t<\/div>\n\t\t<\/div>\n\t\t\t\t\t<\/div>\n\t\t<\/section>\n\t\t\t\t\t<\/div>\n\t\t<\/div>\n\t\t\t\t\t<\/div>\n\t\t<\/section>\n\t\t\t\t<\/div>\n\t\t","protected":false},"excerpt":{"rendered":"<p>Capacitaciones maniobras en subestaciones transformadoras de 132kV y media tensi\u00f3n, Riesgo el\u00e9ctrico, entre otras. Reparaci\u00f3n de interruptores de AT, MT y BT Mantenimiento y ensayos de interruptores de AT, MT y BT.<a class=\"moretag\" href=\"https:\/\/ensayoselectricossa.com.ar\/index.php\/servicios\/\">Read More&#8230;<\/a><\/p>\n","protected":false},"author":1,"featured_media":0,"parent":0,"menu_order":0,"comment_status":"closed","ping_status":"closed","template":"","meta":{"footnotes":""},"class_list":["post-37","page","type-page","status-publish","hentry"],"_links":{"self":[{"href":"https:\/\/ensayoselectricossa.com.ar\/index.php\/wp-json\/wp\/v2\/pages\/37","targetHints":{"allow":["GET"]}}],"collection":[{"href":"https:\/\/ensayoselectricossa.com.ar\/index.php\/wp-json\/wp\/v2\/pages"}],"about":[{"href":"https:\/\/ensayoselectricossa.com.ar\/index.php\/wp-json\/wp\/v2\/types\/page"}],"author":[{"embeddable":true,"href":"https:\/\/ensayoselectricossa.com.ar\/index.php\/wp-json\/wp\/v2\/users\/1"}],"replies":[{"embeddable":true,"href":"https:\/\/ensayoselectricossa.com.ar\/index.php\/wp-json\/wp\/v2\/comments?post=37"}],"version-history":[{"count":13,"href":"https:\/\/ensayoselectricossa.com.ar\/index.php\/wp-json\/wp\/v2\/pages\/37\/revisions"}],"predecessor-version":[{"id":326,"href":"https:\/\/ensayoselectricossa.com.ar\/index.php\/wp-json\/wp\/v2\/pages\/37\/revisions\/326"}],"wp:attachment":[{"href":"https:\/\/ensayoselectricossa.com.ar\/index.php\/wp-json\/wp\/v2\/media?parent=37"}],"curies":[{"name":"wp","href":"https:\/\/api.w.org\/{rel}","templated":true}]}}